3) is divided by r(-55)?
32
Suppose 0 = 5*r - 4*h + 318, -5*r + 3*h - 4*h = 333. Let k = -34 - r. What is the remainder when (-277)/(-3) + 9/(-27) is divided by k?
28
Let a be 4/10*(-1 + 391). Let m = -49 + a. Calculate the remainder when m is divided by 22.
19
Let i(p) = -2*p - 18. Let z be i(-6). Let a = -320 - -374. Calculate the remainder when a is divided by z/(-15) + 186/10.
16
Suppose -3*t = 2*t. Suppose 3*f - 2*z = -0*z + 41, 5*f + 2*z - 95 = t. What is the remainder when ((-16)/48)/((-2)/18)*-3 + 159 is divided by f?
14
Suppose -549 = -5*t - 2*h + 2386, 2*t - 5*h = 1174. Let a = t + -549. What is the remainder when a is divided by 16?
6
Suppose -2*f + 779 = -f. Suppose -16*i - 3*i = -f. Calculate the remainder when i is divided by 14.
13
Let w = -19 - -23. Suppose 9 = w*i - 91. What is the remainder when (-2512)/(-34) + (-4)/(-34) is divided by i?
24
Suppose 5*k = l - 93, -5*k + 7*k - 86 = -l. Suppose -11*g - l = -15*g. Let r(d) = 2*d - 2. What is the remainder when g is divided by r(5)?
6
Suppose -3*j + 44 = d, -85 = -2*d - 2*j - 3*j. Calculate the remainder when d is divided by 4.
3
Suppose -4*u + 112 = -3*w - 212, -u = -2*w - 81. Suppose -7*j + 81 = -62 - 53. What is the remainder when u is divided by j?
25
Suppose -371 - 340 = -71*g + 141. Calculate the remainder when 6034 is divided by g.
10
Let v = 660 + -389. What is the remainder when v is divided by 126?
19
Calculate the remainder when 40*66/110*460/6 is divided by 123.
118
Suppose d - 31*r = -32*r + 7880, 3*d + 5*r - 23652 = 0. Calculate the remainder when d is divided by 45.
44
Let z(p) = p**2 + 2*p - 6. What is the remainder when 6888/8*(-9)/(-27) is divided by z(4)?
17
Let x(s) be the first derivative of s**3/3 + s**2 - 7*s + 14. Suppose 3*j = 5*t - 373, 5*j + 84 = -5*t + 489. What is the remainder when t is divided by x(5)?
21
Let z(k) = k**3 + 29*k**2 + 29*k + 39. Calculate the remainder when 357 is divided by z(-28).
5
Suppose 10*g - 3*k = 6*g + 87, -3*g = 2*k - 78. Calculate the remainder when -4 + (g - 28)/((-2)/14) is divided by 7.
3
What is the remainder when (604/(-8))/((-7)/28) is divided by 23?
3
Let t be (-1)/(-3) - (-6)/9. Let p be -3 + t - (6 - 22/2). Suppose 4*y + p*j - 77 = 58, -102 = -3*y - 2*j. What is the remainder when y is divided by 20?
16
Let q = 36831 + -36621. What is the remainder when q is divided by 12?
6
Let y(g) = -13*g**2 + 203*g + 1. What is the remainder when y(7) is divided by 133?
120
Suppose -467 = -8*w + 5*w - 2*f, 3*w = -f + 469. Calculate the remainder when w is divided by 53.
51
What is the remainder when (-99 - (0/6)/(-3))*-11 is divided by 49?
11
Let o(t) = 3*t**3 + 3*t**2 - 4. Let v be o(2). Suppose 120 + v = 4*n + 2*x, -140 = -4*n + x. Calculate the remainder when n is divided by 3.
0
Calculate the remainder when 199139/188 + 5/(-20)*-3 is divided by 1052.
8
Suppose 0 = -6*c + 4*w + 698, 4*c + w - 378 = 91. Calculate the remainder when c is divided by 102.
15
Let a(i) = 5*i**2 + 17*i - 60. Let z(f) = -3*f**2 + f - 1. Let p(l) = -a(l) - 2*z(l). Calculate the remainder when p(19) is divided by 7.
6
Let w = 18553 + -16303. Calculate the remainder when 9007 is divided by w.
7
Let i(k) = k - 1. Let u be i(3). Suppose -12*y + 16 + 4 = -16. What is the remainder when 81 is divided by 26 - (u - 2) - (1 - y)?
25
Suppose -66384 - 42538 = -109*c + 76269. Calculate the remainder when c is divided by 47.
7
Suppose l + l = 5*o - 352, 198 = -l - 3*o. Let w = 280 + l. What is the remainder when w is divided by 16?
14
Let u(w) = w**3 - 13*w**2 + 9*w - 10. Let m be u(5). Let s = -146 - m. What is the remainder when 206 is divided by s?
16
Let l = 53 - 51. Suppose -12 = l*i - 8*i. Suppose 3*d - 4*j = 13, d + i*j - j - 16 = 0. What is the remainder when 19 is divided by d?
8
Let t(p) = 4*p**2 + 10*p + 7. Let d(w) = 4*w**3 - 4*w - 3. Let y be d(-1). What is the remainder when 168 is divided by t(y)?
12
Let f(t) = t**3 - 81*t**2 - 43*t - 107. Let w(i) = 41*i**2 + 22*i + 53. Let l(h) = -2*f(h) - 5*w(h). What is the remainder when 176 is divided by l(-21)?
8
Suppose 0 = -186*f + 4523952 - 1187125 + 2130085. What is the remainder when f is divided by 323?
322
Let g(z) = -z**2 - 8*z + 8. Let y(v) = -v**3 + 3*v**2 + 12*v. Let o be y(5). Suppose 0 = -4*u - 6 - o. What is the remainder when 95 is divided by g(u)?
23
Let x(k) = -k**3 + 14*k**2 + 8*k + 129. Let n(t) = -t**3 + 7*t**2 + 3*t - 50. Let c be n(5). Calculate the remainder when 138 is divided by x(c).
18
Let g(n) = -n**3 + 2*n - 54. Let p be g(0). Let j = p - 69. Let b = 212 + j. What is the remainder when b is divided by 30?
29
Suppose -65 + 36 = -r + 5*q, -5*r + 15 = q. Suppose 3*w - y = 42, -2*w + 66 = 3*w - 3*y. Let i = w + -1. What is the remainder when i is divided by r?
2
Let x = 1700 - 1605. Calculate the remainder when x is divided by 45.
5
Let s = -16211 + 16418. What is the remainder when s is divided by 26?
25
Let b be (-6 - -38)*1/2. Suppose b*h = -64 - 16. Let o(z) = z**2 + 7*z + 20. What is the remainder when 118 is divided by o(h)?
8
Let b(m) = 6*m - 83. Let g be b(15). Suppose -5*d + 49 = -3*z + g*z, 14 = -z + 4*d. Calculate the remainder when 8 is divided by z.
2
Let c be 8*(-5)/(-30)*(-150)/20. Calculate the remainder when 318 is divided by 5217/555 - 6/c.
8
Let p be (-1324)/10 - 4*(-27)/(-180). Let t = -56 - p. Let f = 71 - 31. What is the remainder when t is divided by f?
37
Suppose 38 = -2*d - 62. Let n = d - -61. Let w(c) = -c**2 + 17*c - 33. Calculate the remainder when w(n) is divided by 12.
9
Suppose -3*x + 789 = 5*j, 232 = 3*j - 4*x - 253. Let r = 146 + -106. Calculate the remainder when j is divided by r.
39
Let i(q) = q**2 - 4*q + 1. Let z be i(-6). Let d = 66 - z. Suppose 0 = -2*h - p + 19, 4*h - d*h = -3*p + 1. What is the remainder when 46 is divided by h?
6
Let w = -12874 + 12888. What is the remainder when 36 is divided by w?
8
Let w be -1 - 0/3 - -10. Let y be 2 + -3 + (-12)/(-4). Suppose d - y = w. Calculate the remainder when 20 is divided by d.
9
Let f be ((-25)/(-15))/(10/6). What is the remainder when 42 + f + (-2 - -3 - -3) is divided by 15?
2
Let o = 20372 - 9888. Calculate the remainder when o is divided by 214.
212
Let u(v) = -v**3 + 15*v**2 - 15*v - 2. Suppose -15*p - 9471 = -246*p. What is the remainder when u(13) is divided by p?
18
Let k(p) = 5 + 0 + 3 + p**2 - 2 - 6*p. Calculate the remainder when k(-5) is divided by -93*((10 - 16) + 17/3).
30
Suppose 4 + 23 = 3*v. Suppose -v*c = -8*c - 4. Suppose -c*p = -39 - 65. Calculate the remainder when 179 is divided by p.
23
Let x(v) = 8*v**2 + 29*v - 2. Calculate the remainder when 235 is divided by x(-6).
11
Let q(p) = -5*p - 6. Let s be (4 - 8 - -5) + -1. Suppose 2*y + 5*y - 84 = s. What is the remainder when y is divided by q(-3)?
3
Let c = -323 + 325. Suppose c*b = -b - 4*u + 51, 5*u = -2*b + 27. What is the remainder when 99 is divided by b?
15
Suppose -v - 5*i + 126 = 0, 0*i - i = 2*v - 270. What is the remainder when v is divided by 64?
8
Let y be (-61)/(-183)*-1*9*1. Suppose -3*s = -6*s + 63. What is the remainder when y - 4*(-63)/3 - -2 is divided by s?
20
Calculate the remainder when 2030 + 7 + 6 + -8 - (0 + 5) is divided by 48.
14
Let g be 8/(-36) + 4218/27. Suppose 146*v = g*v - 2950. What is the remainder when v is divided by 8?
7
Let o = -21770 - -21858. Calculate the remainder when 89 is divided by o.
1
Let v(r) = r**3 + 12*r**2 + 3*r + 4. What is the remainder when v(-8) is divided by 232?
4
Suppose x - 8 - 5 = 0. What is the remainder when ((-6)/12)/(90/(-16020)) is divided by x?
11
Suppose 0 = 4*d + f - 61, 63 = 2*d - 2*f + 35. Calculate the remainder when 125 is divided by d.
5
Suppose 30*k - 12 = 25*k + l, 0 = -3*l - 6. Calculate the remainder when 71 is divided by 8/k - (3 + -18).
14
Let u be (-3 + 6 - -3) + 0 + -1. Suppose -5*r + 0*r + u*y - 10 = 0, -5*r = 4*y - 8. Suppose 6*z - 338 + 92 = r. Calculate the remainder when z is divided by 22.
19
Suppose 12*b - 9573 - 11883 = 0. Suppose -5*y + b = -2*a, -y + 4*a - 37 = -391. Calculate the remainder when y is divided by 72.
70
Let u(n) = n**3 + 16*n**2 + 27*n + 9. Let t be u(-14). Suppose 0 = -5*z - t + 188. Calculate the remainder when 95 is divided by z.
29
Suppose h + 2*o - 3*o = 5, 4*h - 18 = 2*o. Suppose 0 = -2*u + 16 - h. Let g = 1